 f = q + 80. Let w(s) = s**3 + 8*s**2 - s + 4. Give w(f).
12
Let r(y) = y - 2. Suppose -u = -2, u + u + 26 = 5*j. Suppose 3*g + 22 = 5*x + g, -3*x + j = -3*g. Give r(x).
4
Let n(y) = -y**3 + 4*y**2 + y + 7. Let q(c) = -c**3 + 4*c**2 - 3*c - 1. Let p be q(2). Let v be p/(-1)*-5*1. Give n(v).
-13
Let i be 4*10/15*(-3)/1. Let d(x) = x**3 + 7*x**2 - 5*x + 1. Determine d(i).
-23
Let i(t) be the third derivative of t**6/120 - t**5/60 - t**4/24 + 7*t**3/3 + 4*t**2. What is i(0)?
14
Let q(h) = -1. Let r(d) = d - 2. Let t(p) = 6*q(p) + r(p). Let z = -3 + 10. What is t(z)?
-1
Let f be (-91)/14 + (3 - (-18)/(-4)). Let a(q) = -2*q**2 - 17*q - 4. Determine a(f).
4
Let w be 1/(-1)*2/2. Let v be (-3)/(-1) - 4/2. Let q(p) = -12*p + 9*p + 6*p**2 - v - p + 2*p. What is q(w)?
7
Let t(y) = -4*y**3 + 0 + 11 + 3*y**3 - 2*y + 3*y**2 - 8. Let m = -1 - -3. Give t(m).
3
Let a(z) = -z**2 - 2*z + 2. Suppose -2 = m + 2, -4*m = 3*c + 1. Suppose c*y - 40 = -5*b, 3*y - 2*b - 4 = -0. Let v be (1 + 7)*y/(-8). Calculate a(v).
-6
Let j(f) = f**3 + 14*f**2 - 20*f - 15. Let w(k) = k**2 - 2*k. Let n(o) = -j(o) + 3*w(o). Determine n(-12).
-9
Let w be -1 + (-1 + -1)/(-2). Let v(k) = -k - 19. Let a(j) = 2*j + 38. Let g(x) = 6*a(x) + 11*v(x). Determine g(w).
19
Let q(c) be the third derivative of c**5/60 + c**4/24 + c**3/2 + 6*c**2 - 10. Give q(-2).
5
Let k(c) = -c**3 + 6*c**2 - 8*c + 6. Let d = -486 + 490. Determine k(d).
6
Let n(s) = -13*s**2 - s + 1. Suppose -b + 5*z = 9, -3*b - 4*z = -6*z + 1. Give n(b).
-13
Suppose 2*j + 18 = -j. Let k(b) = b**3 + 6*b**2 + 3*b + 5. Let o be k(j). Let z be 6/(-24) + o/(-4). Let w(x) = x - 3. Give w(z).
0
Let n(l) = l**2 - l - 6. Let i = 46 - 48. Let b be n(i). Let q(u) = u + 11. Determine q(b).
11
Let k(l) = -l**2 + 4. Let m be k(0). Let t(g) = -g**3 + 4*g**2 - 3*g - 5. What is t(m)?
-17
Let f(r) = r**2 + 7*r - 4. Suppose -5*p + g + 12 = 0, 3 = -2*g + 9. Let j be 1 + 1*-11 + 9/p. Calculate f(j).
-4
Let m be (-1 + -2 - -7) + -2. Let w(i) = -1 + 6*i**3 + 7*i**3 + 2*i**2 - m*i**3 - 4*i**3. Let p(r) = r**3 + 6*r**2 - 1. Let x be p(-6). Give w(x).
-6
Let i(j) = -j**3 - 4*j**2 - 5*j - 4. Let b(h) = h + 14. Let a be b(-9). Suppose 4*n = -a*q - 23, -5*q - 3*n = 2*n + 25. What is i(q)?
2
Let n(y) = y**3 - y**2 + 4. Let t(z) = -1 + z + 3 - 1 + 0. Let x be t(-1). Let h be n(x). Let r(p) = -p**3 + 3*p**2 + 6*p - 3. Determine r(h).
5
Let h(b) = 7*b**2 + 18*b - 32. Let i(p) = 4*p**2 - 14 + 3997*p - 3988*p - 2. Let x(o) = -3*h(o) + 5*i(o). What is x(-11)?
-6
Let z(w) be the first derivative of 5*w**2/2 + 33. What is z(-1)?
-5
Let u(r) be the first derivative of -r**3/3 + r**2/2 + 6*r - 1. Let d be -13 + 5/((-15)/(-39)). What is u(d)?
6
Let x(w) = 7*w**3 + 12*w**2 + 5*w - 11. Let g(y) = -20*y**3 - 35*y**2 - 14*y + 32. Let n(r) = 6*g(r) + 17*x(r). Calculate n(-6).
-1
Let n(c) = -11*c - 6. Let a(g) = -1. Let f(p) = -a(p) - n(p). Determine f(-1).
-4
Let g(l) = 5*l - 4. Let h(x) = -9*x + 7. Let a(z) = 11*g(z) + 6*h(z). Give a(-6).
-8
Let g(i) be the first derivative of -i**2 - 7*i + 12. Determine g(-9).
11
Suppose 4*m = -3*z + 25, m - 3*m = -4*z + 4. Let f(x) = 6*x - 24 + z + 22. Give f(1).
7
Let a(v) = v**3 + v**2. Let t(x) be the first derivative of -x**4 - 4*x**3/3 + x**2/2 - 2*x - 1. Let g(d) = 5*a(d) + t(d). Determine g(0).
-2
Let c(s) = -9*s + 2 - 2 + s**2. Suppose 34*i - 253 = 53. Calculate c(i).
0
Let p(l) = 6*l - 15. Let s be p(3). Suppose 0 = -3*x + 3*x - s*x. Let g(f) be the third derivative of -f**4/24 + 11*f**3/6 + f**2. What is g(x)?
11
Suppose q - 5*p + 14 = -0*q, 2*q - 4*p = 2. Let f(a) = -a**3 + 10*a**2 + 14*a - 5. Give f(q).
28
Let s = 9 + -7. Suppose 0 = 4*v - 5 - 7. Let a(x) = 8*x**2 + 1 - 3*x - 7*x**2 - v. Give a(s).
-4
Suppose 0 = -2*r - 2*r - 56. Let n be 1*(-94)/r + 56/196. Let b(u) = -u**2 + 5*u + 8. Let a(t) = 2*t**2 - 10*t - 15. Let k(y) = 3*a(y) + 5*b(y). What is k(n)?
9
Let w(d) be the first derivative of -5*d**3/3 + 4*d**2 - 8*d - 218. Determine w(4).
-56
Let w(j) = j**2 - j + 4. Let i be w(0). Let o(h) = 5 + i - 5*h - 3*h**2 - 4 - 3*h + h**3. Calculate o(5).
15
Let z(y) = y + 3. Let m(i) = -5*i - 8. Let j be m(-5). Suppose -c - 29 = h - 6*c, 0 = h - 2*c + j. Calculate z(h).
-6
Let y(f) be the third derivative of f**4/24 - 2*f**3 + f**2. Suppose 2*b + 2*i - 6 = 0, -5*b - 4*i + 25 = -i. Let u be y(b). Let s(p) = p + 8. Determine s(u).
4
Let s be (-2)/(-5) - 265/(-25). Let j(w) = 16*w + s*w - 28*w + 9 - 3. Suppose 2*b + 3 = 3*b. What is j(b)?
3
Let f(w) be the first derivative of -5*w**2/2 - 7*w - 170. Calculate f(-2).
3
Let z(r) = -3*r**3 - 15*r**2 - 3. Let y = -400 - -395. Calculate z(y).
-3
Let x(p) = p**3 + 7*p**2 + 2*p + 2. Let w = -1151 - -1144. What is x(w)?
-12
Suppose 2*x = -x + 24. Suppose 0*m = -2*m + x. Let r(p) = 2*p - 2. Calculate r(m).
6
Suppose -2*d - 6 = 0, 9*d - 11*d + 14 = 4*l. Let r(f) = -f**2 + f + 20. Give r(l).
0
Let t(j) = j**3 + 11*j**2 - 12*j + 2. Let k be (1 - 13)/(-4 - -5). Let s be t(k). Suppose -15 = -q - s*q. Let p(z) = 2*z**2 - 7*z. Determine p(q).
15
Suppose 5*x + 22 = -j, 5*x + 16 = -j + 3*j. Let k(l) = -2*l**3 - 2*l**2 + 2*l + 4. Let c(r) = r**3 + r**2 - r - 2. Let v(b) = -11*c(b) - 6*k(b). What is v(j)?
-4
Let n(v) = v**2 - 2*v + 1. Let b(d) = -3*d**2 + 14*d - 11. Let i(h) = -b(h) - 4*n(h). Calculate i(-6).
7
Let f(o) = 6*o - 6. Let d be (-8)/(-14)*(-42)/(-12). Determine f(d).
6
Let a(t) be the first derivative of t**2/2 + 5*t + 237. Determine a(-7).
-2
Let b be (-2)/(-6) + 2/(-6). Let l(d) = d**3 + 2. Let r be -2 + 12/8 - 5/2. Let v(h) = 2*h**3 - h**2 + 17. Let z(i) = r*l(i) + v(i). Determine z(b).
11
Let p(n) = 13 - 32 + 12*n**2 + 15 - n**3 - 11*n + 11. Determine p(11).
7
Let i(j) = -j**3 - j**2 - j - 1. Suppose -6 = -3*y + 9, 5*r = -5*y + 75. Let a be (r/20)/((-3)/192). Let o = a - -31. Determine i(o).
0
Let c(o) = -o - 11. Let t(f) = -f + 3. Let w(z) = -c(z) + 2*t(z). Give w(15).
2
Let q(c) = -1 - 7*c + 5*c**2 + 2*c**3 + 4*c**3 - 5*c**3. Suppose -6*j = 2*k - 7*j + 10, -22 = 3*k + 2*j. Calculate q(k).
5
Let n(v) = v**2 - 13*v + 1. Let i(l) = -8*l**2 + 91*l - 2. Let g(b) = 2*i(b) + 15*n(b). Determine g(-16).
-37
Let w(r) = -2 + 2*r + 10*r**2 - 45*r**3 + 9 + 46*r**3. What is w(-10)?
-13
Let x(m) be the second derivative of m**4/12 + m**3 + 2*m**2 + 253*m. Let s be 5/20 + (-50)/8. Give x(s).
4
Let k(u) be the third derivative of u**4/8 + 7*u**3/6 - 80*u**2. What is k(5)?
22
Suppose 2*p - 16 = 26. Suppose 5*o + p = 4*i, -i - 3*o + 0 = -1. Let w(c) = c**2 - 6*c + 2. Let a be w(i). Let x(z) = -z + 2. Calculate x(a).
8
Let j = 3 + -5. Let q(t) be the first derivative of -4*t**2 + 7*t + 10. Let y(n) = n - 1. Let x(c) = q(c) + 5*y(c). What is x(j)?
8
Let r(v) = 2*v + 14. Suppose 0 = a - 3*c - 9, a + c + 11 = -0*a. Give r(a).
2
Let g(a) = a**2 + 9*a - 2. Let b(z) = -z + 1. Let t(y) = -b(y) - g(y). Determine t(-7).
8
Let g = 3 + -6. Let a(j) be the third derivative of j**5/60 + 5*j**4/24 - j**3/2 - 46*j**2. Calculate a(g).
-9
Let f(z) = -2 + 2*z + 41*z**3 - 20*z**3 - 20*z**3 + 5*z**2. Calculate f(-5).
-12
Let p(q) = -10*q - 22. Let n(l) = 2*l + 5. Let c(s) = 9*n(s) + 2*p(s). Give c(-2).
5
Suppose -4*k = k. Let b(l) = 21*l - 4 + 16*l + 23*l + 15*l - 74*l. Calculate b(k).
-4
Let i = -1240 - -1227. Let k(p) = p**3 + 12*p**2 - 15*p - 7. Determine k(i).
19
Suppose -c + 3*i = 0, 3*i + 1 = -c + 7. Let x(s) be the first derivative of s**2/2 - 18. Determine x(c).
3
Let f(n) = 6*n**2 - 16*n + 1. Let q(j) = -12*j**2 + 28*j - 2. Let k(z) = -7*f(z) - 4*q(z). Give k(-1).
7
Suppose 6*q = 2*t + 4*q - 10, -3*t - q = -27. Let s(v) = -t*v - v**3 + 7*v - 7*v + 8 + 7*v. Suppose -m + 5*m + 12 = -3*h, -m = 2*h + 3. Give s(h).
8
Suppose 0 = 3*q - l, -2*l - 3 = -l. Let k(v) = -20*v**3 + 6*v**3 + v + 0*v**3 - 3*v**3. Calculate k(q).
16
Let g(v) be the second derivative of v**5/60 + v**4/6 - v**3 + 7*v**2 + 12*v. Let j(f) be the first derivative of g(f). What is j(-5)?
-1
Let d(w) = -6 - 2*w**2 + 7*w + 5*w - 19*w + w**2. Let h(x) = 3*x - 4. Let p be h(0). What is d(p)?
6
Let t(u) = u**3 + 2*u**2 - 2. Let z be (-4)/(-10)*(12 + 8). Suppose z*a = 4*a + 8. Suppose -5*p + 12 - a = 0. Calculate t(p).
14
Let o be 8*(-5 - 0)/(-10). Suppose o*d = 2*d + 8. Let v(x) = -x**3 + 4*x**2 + 2. What is v(d)?
2
Let t(n) be the first derivative of -n**3/